r of 975780 and 9720?
540
What is the highest common factor of 1711 and 165672?
59
What is the highest common factor of 34 and 3155079062?
34
What is the greatest common factor of 59 and 5332361?
59
Calculate the greatest common divisor of 12047418 and 909.
9
Calculate the highest common divisor of 168332908 and 4.
4
What is the greatest common divisor of 636 and 2517708?
12
Calculate the greatest common divisor of 24576 and 805944.
24
Calculate the greatest common factor of 20856574 and 4302.
478
Calculate the highest common divisor of 3214483 and 33077.
3007
Calculate the greatest common factor of 112 and 47993232.
112
Calculate the highest common factor of 2356 and 37735463.
589
What is the highest common divisor of 527755 and 37760?
295
What is the greatest common factor of 120025 and 6100?
25
What is the highest common factor of 8335 and 231565?
5
What is the highest common factor of 858428584 and 39?
13
Calculate the greatest common factor of 25624 and 1706632.
8
Calculate the greatest common divisor of 45816 and 391368.
552
Calculate the greatest common divisor of 194127108 and 756.
84
Calculate the greatest common divisor of 45907 and 56870858.
1583
Calculate the greatest common divisor of 232 and 572068442.
58
Calculate the greatest common divisor of 108680 and 33020.
260
What is the greatest common divisor of 1739541 and 23733?
879
Calculate the greatest common divisor of 68163910 and 3513.
1171
Calculate the highest common factor of 2825 and 156592801.
113
What is the highest common factor of 1392 and 505731?
87
What is the greatest common factor of 52972 and 1754536?
1292
What is the greatest common factor of 27529084 and 36?
4
Calculate the highest common divisor of 288 and 5231072.
32
Calculate the greatest common divisor of 1232 and 63911936.
176
What is the highest common factor of 108356 and 28?
4
Calculate the highest common factor of 28 and 21016842.
14
What is the highest common factor of 156 and 4622241?
39
What is the highest common factor of 16322663 and 69?
23
What is the greatest common factor of 20172 and 112524?
12
Calculate the highest common factor of 4407 and 66991485.
339
What is the greatest common divisor of 40 and 135797860?
20
What is the greatest common factor of 379 and 295296334?
379
What is the greatest common factor of 82242223 and 1282?
641
Calculate the highest common divisor of 141990 and 945.
15
Calculate the greatest common divisor of 367658742 and 5082.
726
Calculate the greatest common divisor of 3968 and 1476400.
16
What is the highest common factor of 841 and 382249?
29
Calculate the greatest common divisor of 11297 and 2794.
11
What is the greatest common factor of 2108 and 40780004?
124
Calculate the highest common divisor of 260 and 1698307.
13
What is the highest common divisor of 40098265 and 152?
19
What is the greatest common factor of 282147 and 8208?
3
What is the highest common divisor of 502807275 and 6?
3
What is the greatest common factor of 42294 and 7331967?
3021
Calculate the greatest common factor of 13 and 2388542.
13
What is the greatest common divisor of 1766582 and 16?
2
What is the greatest common factor of 2210 and 3189420?
130
Calculate the highest common factor of 14287908 and 17202.
366
What is the highest common divisor of 3120 and 3248505?
195
Calculate the greatest common divisor of 7 and 16476201.
7
Calculate the highest common factor of 5458687 and 1053.
13
What is the greatest common divisor of 21 and 5966093?
7
Calculate the highest common factor of 4232 and 254242.
46
What is the greatest common divisor of 569114 and 391583?
59
What is the highest common divisor of 27779568 and 128?
16
What is the greatest common divisor of 11464 and 308392?
8
What is the highest common divisor of 78456 and 13650?
42
Calculate the highest common factor of 8201872 and 4424.
56
What is the greatest common divisor of 9 and 31110924?
3
Calculate the highest common factor of 45792 and 11161376.
1696
What is the highest common divisor of 45849 and 597777?
87
Calculate the highest common divisor of 31392 and 43302212.
436
Calculate the greatest common divisor of 13018 and 1308309.
6509
What is the greatest common factor of 2775 and 85075025?
925
Calculate the highest common divisor of 439981014 and 330.
66
Calculate the highest common divisor of 56 and 11200854.
14
Calculate the highest common divisor of 240392 and 538693.
199
Calculate the greatest common factor of 2266 and 63205450.
22
Calculate the greatest common factor of 3400 and 462825.
425
Calculate the highest common factor of 776468 and 77.
77
Calculate the greatest common divisor of 2077 and 18160283.
67
Calculate the greatest common factor of 1520 and 207462520.
760
Calculate the greatest common factor of 5888 and 24380092.
92
Calculate the greatest common divisor of 6268047 and 234357.
573
Calculate the greatest common factor of 4034444 and 16.
4
Calculate the highest common divisor of 2554848 and 44280.
216
What is the highest common divisor of 3542 and 84846454?
154
What is the greatest common factor of 9614 and 107152837?
4807
What is the highest common divisor of 61745 and 13025?
5
Calculate the highest common divisor of 105028 and 11836.
44
Calculate the greatest common divisor of 57129127 and 22.
11
Calculate the highest common factor of 47724695 and 527.
17
What is the highest common divisor of 2303382 and 1136?
142
Calculate the highest common factor of 2840 and 596422720.
2840
Calculate the greatest common divisor of 1875 and 141030.
15
What is the highest common factor of 626756 and 16094?
26
Calculate the greatest common factor of 310523394 and 918.
102
Calculate the greatest common divisor of 5430 and 489249516.
1086
What is the highest common factor of 6328519 and 92?
23
What is the highest common factor of 1695704 and 661924?
508
Calculate the highest common divisor of 14796866 and 322.
322
Calculate the greatest common divisor of 166 and 13377940.
166
Calculate the highest common factor of 12495 and 33526635.
255
What is the greatest common factor of 178808 and 3472?
1736
What is the highest common factor of 72148 and 3604?
68
Calculate the highest common factor of 5748826 and 3627.
31
Calculate the greatest common divisor of 48 and 1257920.
16
What is the highest common factor of 1967361 and 231?
33
Calculate the highest common factor of 6692 and 6777323.
1673
What is the highest common factor of 26216 and 270?
2
Calculate the greatest common factor of 84 and 46951842.
42
What is the greatest common divisor of 21708096 and 960?
192
What is the greatest common factor of 2385 and 22318035?
795
Calculate the highest common factor of 3489625 and 375.
125
Calculate the greatest common factor of 70663324 and 4.
4
Calculate the highest common factor of 109359 and 288.
9
What is the highest common factor of 320550480 and 160?
80
What is the greatest common factor of 169682 and 6216?
74
Calculate the greatest common divisor of 254273 and 30972.
89
Calculate the greatest common factor of 7494791 and 1228.
307
Calculate the greatest common factor of 741165 and 1635.
15
What is the greatest common divisor of 20 and 935314?
2
Calculate the highest common factor of 6013 and 82831652.
859
Calculate the highest common factor of 183067406 and 106.
106
Calculate the highest common factor of 523744 and 8528.
208
Calculate the greatest common factor of 126 and 121970637.
9
Calculate the greatest common divisor of 8 and 6107384.
8
What is the highest common divisor of 897651373 and 233?
233
What is the greatest common divisor of 43054 and 171?
19
What is the greatest common factor of 12508 and 4052?
4
What is the greatest common factor of 3162 and 341394?
102
What is the greatest common divisor of 246 and 113358?
6
What is the greatest common divisor of 30 and 184840700?
10
What is the highest common factor of 12 and 833904?
12
What is the greatest common divisor of 56 and 25623283?
7
What is the highest common divisor of 71199 and 81540?
27
Calculate the highest common factor of 1242 and 1739904.
138
What is the greatest common factor of 14781525 and 7216?
451
Calculate the highest common divisor of 330238458 and 15356.
7678
What is the greatest common divisor of 14 and 159750913?
7
What is the highest common divisor of 1